{"id":384,"date":"2022-02-27T19:01:42","date_gmt":"2022-02-27T18:01:42","guid":{"rendered":"https:\/\/whoconductstheorchestra.eu\/?page_id=384"},"modified":"2022-05-29T20:11:18","modified_gmt":"2022-05-29T18:11:18","slug":"el-kitabi-ve-cevrimici-platform","status":"publish","type":"page","link":"https:\/\/whoconductstheorchestra.eu\/index.php\/el-kitabi-ve-cevrimici-platform\/","title":{"rendered":"El Kitab\u0131 ve \u00c7evrimi\u00e7i Platform"},"content":{"rendered":"\n<figure class=\"wp-block-image size-large\"><img loading=\"lazy\" width=\"1024\" height=\"576\" src=\"http:\/\/whoconductstheorchestra.eu\/wp-content\/uploads\/2022\/02\/Slide1-1024x576.png\" alt=\"\" class=\"wp-image-285\" srcset=\"https:\/\/whoconductstheorchestra.eu\/wp-content\/uploads\/2022\/02\/Slide1-1024x576.png 1024w, https:\/\/whoconductstheorchestra.eu\/wp-content\/uploads\/2022\/02\/Slide1-300x169.png 300w, https:\/\/whoconductstheorchestra.eu\/wp-content\/uploads\/2022\/02\/Slide1-768x432.png 768w, https:\/\/whoconductstheorchestra.eu\/wp-content\/uploads\/2022\/02\/Slide1.png 1280w\" sizes=\"(max-width: 1024px) 100vw, 1024px\" \/><\/figure>\n\n\n\n<p><a href=\"http:\/\/whoconductstheorchestra.eu\/wp-content\/uploads\/2022\/02\/Turkey.pdf\" target=\"_blank\" rel=\"noreferrer noopener\">Download Handbook<\/a><\/p>\n\n\n\n<figure class=\"wp-block-image size-large\"><img loading=\"lazy\" width=\"1024\" height=\"855\" src=\"http:\/\/whoconductstheorchestra.eu\/wp-content\/uploads\/2022\/04\/lande-1024x855.jpg\" alt=\"\" class=\"wp-image-516\" srcset=\"https:\/\/whoconductstheorchestra.eu\/wp-content\/uploads\/2022\/04\/lande-1024x855.jpg 1024w, https:\/\/whoconductstheorchestra.eu\/wp-content\/uploads\/2022\/04\/lande-300x250.jpg 300w, https:\/\/whoconductstheorchestra.eu\/wp-content\/uploads\/2022\/04\/lande-768x641.jpg 768w, https:\/\/whoconductstheorchestra.eu\/wp-content\/uploads\/2022\/04\/lande-1536x1282.jpg 1536w, https:\/\/whoconductstheorchestra.eu\/wp-content\/uploads\/2022\/04\/lande.jpg 1620w\" sizes=\"(max-width: 1024px) 100vw, 1024px\" \/><\/figure>\n\n\n\n<p><a rel=\"noreferrer noopener\" href=\"https:\/\/vcc.vifin.dk\/start\/wco\" data-type=\"URL\" data-id=\"https:\/\/vcc.vifin.dk\/start\/wco\" target=\"_blank\">Go to Online Learning Platform<\/a><\/p>\n\n\n\n<p>Press the link above. For access to all the chapters on the Online Platform use the following login information:<\/p>\n\n\n\n<p><strong>Username:<\/strong> wco2022<\/p>\n\n\n\n<p><strong>Password:<\/strong> welcome<\/p>\n\n\n\n<figure class=\"wp-block-embed is-type-video is-provider-youtube wp-block-embed-youtube wp-embed-aspect-16-9 wp-has-aspect-ratio\"><div class=\"wp-block-embed__wrapper\">\n<iframe loading=\"lazy\" title=\"WCO Introduction to the handbook and online platform\" width=\"750\" height=\"422\" src=\"https:\/\/www.youtube.com\/embed\/aepSYFZh1ew?feature=oembed\" frameborder=\"0\" allow=\"accelerometer; autoplay; clipboard-write; encrypted-media; gyroscope; picture-in-picture\" allowfullscreen><\/iframe>\n<\/div><\/figure>\n\n\n\n<p><strong>Download reports:<\/strong><\/p>\n\n\n\n<p>IO1: <a href=\"http:\/\/whoconductstheorchestra.eu\/wp-content\/uploads\/2022\/05\/WCO-Summary-of-the-Focus-Group-Interview-Data.pdf\">Download Summary report on Focus Group interviews<\/a><\/p>\n\n\n\n<p>IO2: <a href=\"http:\/\/whoconductstheorchestra.eu\/wp-content\/uploads\/2022\/05\/Collection-of-Best-Practice.pdf\" target=\"_blank\" rel=\"noreferrer noopener\">Download collection of Best Practice Examples<\/a><\/p>\n\n\n\n<p>IO2: <a rel=\"noreferrer noopener\" href=\"http:\/\/whoconductstheorchestra.eu\/wp-content\/uploads\/2022\/05\/Test-case-descriptions.pdf\" data-type=\"URL\" data-id=\"http:\/\/whoconductstheorchestra.eu\/wp-content\/uploads\/2022\/05\/Test-case-descriptions.pdf\" target=\"_blank\">Download examples of test case activities from the WCO project<\/a><\/p>\n\n\n\n<p>IO3: See WCO Platform here: <a rel=\"noreferrer noopener\" href=\"https:\/\/vcc.vifin.dk\/start\/wco\" target=\"_blank\">Go to Online Learning Platform<\/a><\/p>\n\n\n\n<p>Press the link above. For access to all the chapters on the Online Platform use the following login information:<\/p>\n\n\n\n<p><strong>Username:<\/strong>&nbsp;wco2022<\/p>\n\n\n\n<p><strong>Password:<\/strong>&nbsp;welcome<\/p>\n","protected":false},"excerpt":{"rendered":"<p>Download Handbook Go to Online Learning Platform Press the link above. For access to all the chapters on the Online Platform use the following login information: Username: wco2022 Password: welcome Download reports: IO1: Download Summary report on Focus Group interviews<\/p>\n","protected":false},"author":1,"featured_media":0,"parent":0,"menu_order":0,"comment_status":"closed","ping_status":"closed","template":"","meta":[],"_links":{"self":[{"href":"https:\/\/whoconductstheorchestra.eu\/index.php\/wp-json\/wp\/v2\/pages\/384"}],"collection":[{"href":"https:\/\/whoconductstheorchestra.eu\/index.php\/wp-json\/wp\/v2\/pages"}],"about":[{"href":"https:\/\/whoconductstheorchestra.eu\/index.php\/wp-json\/wp\/v2\/types\/page"}],"author":[{"embeddable":true,"href":"https:\/\/whoconductstheorchestra.eu\/index.php\/wp-json\/wp\/v2\/users\/1"}],"replies":[{"embeddable":true,"href":"https:\/\/whoconductstheorchestra.eu\/index.php\/wp-json\/wp\/v2\/comments?post=384"}],"version-history":[{"count":9,"href":"https:\/\/whoconductstheorchestra.eu\/index.php\/wp-json\/wp\/v2\/pages\/384\/revisions"}],"predecessor-version":[{"id":535,"href":"https:\/\/whoconductstheorchestra.eu\/index.php\/wp-json\/wp\/v2\/pages\/384\/revisions\/535"}],"wp:attachment":[{"href":"https:\/\/whoconductstheorchestra.eu\/index.php\/wp-json\/wp\/v2\/media?parent=384"}],"curies":[{"name":"wp","href":"https:\/\/api.w.org\/{rel}","templated":true}]}}