{"id":366,"date":"2022-02-27T18:47:58","date_gmt":"2022-02-27T17:47:58","guid":{"rendered":"https:\/\/whoconductstheorchestra.eu\/?page_id=366"},"modified":"2022-02-28T11:14:33","modified_gmt":"2022-02-28T10:14:33","slug":"grupos-destinatarios","status":"publish","type":"page","link":"https:\/\/whoconductstheorchestra.eu\/index.php\/grupos-destinatarios\/","title":{"rendered":"Grupos destinatarios"},"content":{"rendered":"\n<figure class=\"wp-block-image size-full\"><img loading=\"lazy\" width=\"788\" height=\"665\" src=\"http:\/\/whoconductstheorchestra.eu\/wp-content\/uploads\/2022\/02\/turkey5.jpg\" alt=\"\" class=\"wp-image-505\" srcset=\"https:\/\/whoconductstheorchestra.eu\/wp-content\/uploads\/2022\/02\/turkey5.jpg 788w, https:\/\/whoconductstheorchestra.eu\/wp-content\/uploads\/2022\/02\/turkey5-300x253.jpg 300w, https:\/\/whoconductstheorchestra.eu\/wp-content\/uploads\/2022\/02\/turkey5-768x648.jpg 768w\" sizes=\"(max-width: 788px) 100vw, 788px\" \/><\/figure>\n\n\n\n<p><strong>Grupo objetivo primario<\/strong><\/p>\n\n\n\n<p>25 profesores y pedagogos de alumnos j\u00f3venes, que introducir\u00e1n en primer lugar los conceptos de responsabilidad en relaci\u00f3n con la colaboraci\u00f3n familia\/escuela dentro de un ambiente educativo.<\/p>\n\n\n\n<p><\/p>\n\n\n\n<p><strong>Grupo objetivo secundario<\/strong><\/p>\n\n\n\n<p>Los padres\/cuidadores de los alumnos destinatarios. El proyecto contar\u00e1 con la participaci\u00f3n activa de 50 padres en la fase de prueba de la metodolog\u00eda.<\/p>\n\n\n\n<p><\/p>\n\n\n\n<p><strong>Grupo objetivo final<\/strong><\/p>\n\n\n\n<p>Los propios ni\u00f1os, ya que el proyecto se esfuerza por ofrecer las mejores condiciones para que los ni\u00f1os prosperen en su vida social y educativa.<\/p>\n","protected":false},"excerpt":{"rendered":"<p>Grupo objetivo primario 25 profesores y pedagogos de alumnos j\u00f3venes, que introducir\u00e1n en primer lugar los conceptos de responsabilidad en relaci\u00f3n con la colaboraci\u00f3n familia\/escuela dentro de un ambiente educativo. Grupo objetivo secundario Los padres\/cuidadores de los alumnos destinatarios. El<\/p>\n","protected":false},"author":1,"featured_media":0,"parent":0,"menu_order":0,"comment_status":"closed","ping_status":"closed","template":"","meta":[],"_links":{"self":[{"href":"https:\/\/whoconductstheorchestra.eu\/index.php\/wp-json\/wp\/v2\/pages\/366"}],"collection":[{"href":"https:\/\/whoconductstheorchestra.eu\/index.php\/wp-json\/wp\/v2\/pages"}],"about":[{"href":"https:\/\/whoconductstheorchestra.eu\/index.php\/wp-json\/wp\/v2\/types\/page"}],"author":[{"embeddable":true,"href":"https:\/\/whoconductstheorchestra.eu\/index.php\/wp-json\/wp\/v2\/users\/1"}],"replies":[{"embeddable":true,"href":"https:\/\/whoconductstheorchestra.eu\/index.php\/wp-json\/wp\/v2\/comments?post=366"}],"version-history":[{"count":2,"href":"https:\/\/whoconductstheorchestra.eu\/index.php\/wp-json\/wp\/v2\/pages\/366\/revisions"}],"predecessor-version":[{"id":509,"href":"https:\/\/whoconductstheorchestra.eu\/index.php\/wp-json\/wp\/v2\/pages\/366\/revisions\/509"}],"wp:attachment":[{"href":"https:\/\/whoconductstheorchestra.eu\/index.php\/wp-json\/wp\/v2\/media?parent=366"}],"curies":[{"name":"wp","href":"https:\/\/api.w.org\/{rel}","templated":true}]}}

<figure class="wp-block-image size-full"><img loading="lazy" width="788" height="665" src="http://whoconductstheorchestra.eu/wp-content/uploads/2022/02/turkey5.jpg" alt="" class="wp-image-505" srcset="https://whoconductstheorchestra.eu/wp-content/uploads/2022/02/turkey5.jpg 788w, https://whoconductstheorchestra.eu/wp-content/uploads/2022/02/turkey5-300x253.jpg 300w, https://whoconductstheorchestra.eu/wp-content/uploads/2022/02/turkey5-768x648.jpg 768w" sizes="(max-width: 788px) 100vw, 788px" /></figure>



<p><strong>Grupo objetivo primario</strong></p>



<p>25 profesores y pedagogos de alumnos jóvenes, que introducirán en primer lugar los conceptos de responsabilidad en relación con la colaboración familia/escuela dentro de un ambiente educativo.</p>



<p></p>



<p><strong>Grupo objetivo secundario</strong></p>



<p>Los padres/cuidadores de los alumnos destinatarios. El proyecto contará con la participación activa de 50 padres en la fase de prueba de la metodología.</p>



<p></p>



<p><strong>Grupo objetivo final</strong></p>



<p>Los propios niños, ya que el proyecto se esfuerza por ofrecer las mejores condiciones para que los niños prosperen en su vida social y educativa.</p>

<p>Grupo objetivo primario 25 profesores y pedagogos de alumnos jóvenes, que introducirán en primer lugar los conceptos de responsabilidad en relación con la colaboración familia/escuela dentro de un ambiente educativo. Grupo objetivo secundario Los padres/cuidadores de los alumnos destinatarios. El</p>
