{"id":363,"date":"2022-02-27T18:42:13","date_gmt":"2022-02-27T17:42:13","guid":{"rendered":"https:\/\/whoconductstheorchestra.eu\/?page_id=363"},"modified":"2022-02-28T11:14:06","modified_gmt":"2022-02-28T10:14:06","slug":"hedef-gruplar","status":"publish","type":"page","link":"https:\/\/whoconductstheorchestra.eu\/index.php\/hedef-gruplar\/","title":{"rendered":"Hedef Gruplar"},"content":{"rendered":"\n<figure class=\"wp-block-image size-full\"><img loading=\"lazy\" width=\"788\" height=\"665\" src=\"http:\/\/whoconductstheorchestra.eu\/wp-content\/uploads\/2022\/02\/turkey5.jpg\" alt=\"\" class=\"wp-image-505\" srcset=\"https:\/\/whoconductstheorchestra.eu\/wp-content\/uploads\/2022\/02\/turkey5.jpg 788w, https:\/\/whoconductstheorchestra.eu\/wp-content\/uploads\/2022\/02\/turkey5-300x253.jpg 300w, https:\/\/whoconductstheorchestra.eu\/wp-content\/uploads\/2022\/02\/turkey5-768x648.jpg 768w\" sizes=\"(max-width: 788px) 100vw, 788px\" \/><\/figure>\n\n\n\n<p><strong>Birincil hedef grup<\/strong><\/p>\n\n\n\n<p>K\u00fc\u00e7\u00fck \u00f6\u011frencilere e\u011fitim veren ve okul aile i\u015f birli\u011fi konusunda sorumluluk kavram\u0131n\u0131 tan\u0131tacak 25 \u00f6\u011fretmen ve pedagog.<\/p>\n\n\n\n<p><\/p>\n\n\n\n<p><strong>\u0130kincil hedef grup<\/strong><\/p>\n\n\n\n<p>Hedef kitledeki \u00f6\u011frencilerin ebeveynleri\/velileri. Projenin y\u00f6nteminin test a\u015famas\u0131na 50 ebeveyn aktif olarak kat\u0131lacakt\u0131r.<\/p>\n\n\n\n<p><\/p>\n\n\n\n<p><strong>Nihai hedef grup<\/strong><\/p>\n\n\n\n<p>\u00c7ocuklar\u0131n sosyal ve e\u011fitim hayatlar\u0131nda ba\u015far\u0131l\u0131 olmalar\u0131 i\u00e7in en iyi ko\u015fullar\u0131 sa\u011flamaya \u00e7al\u0131\u015fan projede \u00e7ocuklar, nihai hedef grubunu olu\u015fturmaktad\u0131r.<\/p>\n","protected":false},"excerpt":{"rendered":"<p>Birincil hedef grup K\u00fc\u00e7\u00fck \u00f6\u011frencilere e\u011fitim veren ve okul aile i\u015f birli\u011fi konusunda sorumluluk kavram\u0131n\u0131 tan\u0131tacak 25 \u00f6\u011fretmen ve pedagog. \u0130kincil hedef grup Hedef kitledeki \u00f6\u011frencilerin ebeveynleri\/velileri. Projenin y\u00f6nteminin test a\u015famas\u0131na 50 ebeveyn aktif olarak kat\u0131lacakt\u0131r. Nihai hedef grup \u00c7ocuklar\u0131n<\/p>\n","protected":false},"author":1,"featured_media":0,"parent":0,"menu_order":0,"comment_status":"closed","ping_status":"closed","template":"","meta":[],"_links":{"self":[{"href":"https:\/\/whoconductstheorchestra.eu\/index.php\/wp-json\/wp\/v2\/pages\/363"}],"collection":[{"href":"https:\/\/whoconductstheorchestra.eu\/index.php\/wp-json\/wp\/v2\/pages"}],"about":[{"href":"https:\/\/whoconductstheorchestra.eu\/index.php\/wp-json\/wp\/v2\/types\/page"}],"author":[{"embeddable":true,"href":"https:\/\/whoconductstheorchestra.eu\/index.php\/wp-json\/wp\/v2\/users\/1"}],"replies":[{"embeddable":true,"href":"https:\/\/whoconductstheorchestra.eu\/index.php\/wp-json\/wp\/v2\/comments?post=363"}],"version-history":[{"count":2,"href":"https:\/\/whoconductstheorchestra.eu\/index.php\/wp-json\/wp\/v2\/pages\/363\/revisions"}],"predecessor-version":[{"id":508,"href":"https:\/\/whoconductstheorchestra.eu\/index.php\/wp-json\/wp\/v2\/pages\/363\/revisions\/508"}],"wp:attachment":[{"href":"https:\/\/whoconductstheorchestra.eu\/index.php\/wp-json\/wp\/v2\/media?parent=363"}],"curies":[{"name":"wp","href":"https:\/\/api.w.org\/{rel}","templated":true}]}}

<figure class="wp-block-image size-full"><img loading="lazy" width="788" height="665" src="http://whoconductstheorchestra.eu/wp-content/uploads/2022/02/turkey5.jpg" alt="" class="wp-image-505" srcset="https://whoconductstheorchestra.eu/wp-content/uploads/2022/02/turkey5.jpg 788w, https://whoconductstheorchestra.eu/wp-content/uploads/2022/02/turkey5-300x253.jpg 300w, https://whoconductstheorchestra.eu/wp-content/uploads/2022/02/turkey5-768x648.jpg 768w" sizes="(max-width: 788px) 100vw, 788px" /></figure>



<p><strong>Birincil hedef grup</strong></p>



<p>Küçük öğrencilere eğitim veren ve okul aile iş birliği konusunda sorumluluk kavramını tanıtacak 25 öğretmen ve pedagog.</p>



<p></p>



<p><strong>İkincil hedef grup</strong></p>



<p>Hedef kitledeki öğrencilerin ebeveynleri/velileri. Projenin yönteminin test aşamasına 50 ebeveyn aktif olarak katılacaktır.</p>



<p></p>



<p><strong>Nihai hedef grup</strong></p>



<p>Çocukların sosyal ve eğitim hayatlarında başarılı olmaları için en iyi koşulları sağlamaya çalışan projede çocuklar, nihai hedef grubunu oluşturmaktadır.</p>

<p>Birincil hedef grup Küçük öğrencilere eğitim veren ve okul aile iş birliği konusunda sorumluluk kavramını tanıtacak 25 öğretmen ve pedagog. İkincil hedef grup Hedef kitledeki öğrencilerin ebeveynleri/velileri. Projenin yönteminin test aşamasına 50 ebeveyn aktif olarak katılacaktır. Nihai hedef grup Çocukların</p>
