{"id":350,"date":"2022-02-27T18:27:59","date_gmt":"2022-02-27T17:27:59","guid":{"rendered":"https:\/\/whoconductstheorchestra.eu\/?page_id=350"},"modified":"2022-02-28T11:11:37","modified_gmt":"2022-02-28T10:11:37","slug":"baggrund-for-wco","status":"publish","type":"page","link":"https:\/\/whoconductstheorchestra.eu\/index.php\/baggrund-for-wco\/","title":{"rendered":"Baggrund for WCO"},"content":{"rendered":"\n<figure class=\"wp-block-image size-full\"><img loading=\"lazy\" width=\"859\" height=\"645\" src=\"http:\/\/whoconductstheorchestra.eu\/wp-content\/uploads\/2022\/02\/spain2-2.jpg\" alt=\"\" class=\"wp-image-499\" srcset=\"https:\/\/whoconductstheorchestra.eu\/wp-content\/uploads\/2022\/02\/spain2-2.jpg 859w, https:\/\/whoconductstheorchestra.eu\/wp-content\/uploads\/2022\/02\/spain2-2-300x225.jpg 300w, https:\/\/whoconductstheorchestra.eu\/wp-content\/uploads\/2022\/02\/spain2-2-768x577.jpg 768w\" sizes=\"(max-width: 859px) 100vw, 859px\" \/><\/figure>\n\n\n\n<p>Forskning viser, at elever, hvis for\u00e6ldre deltager aktivt i deres uddannelsesliv, klarer sig bedre med hensyn til uddannelse, job, sundhed, \u00f8konomi og f\u00f8rer et liv v\u00e6k fra kriminalitet.\u00a0<\/p>\n\n\n\n<p>L\u00e6rere og p\u00e6dagoger er n\u00f8glen, n\u00e5r det kommer til at engagere for\u00e6ldre i deres b\u00f8rns sociale og kulturelle uddannelse i skolen, men de mangler nyttige metoder til at lykkes. Projektet <strong>&#8216;Hvem dirigerer orkestret<\/strong>? \u2013 Et f\u00e6lles ansvar for for\u00e6ldre og l\u00e6rere for b\u00f8rns sociale og kulturelle uddannelse\u201d har til form\u00e5l at skabe opm\u00e6rksomhed om for\u00e6ldrenes betydning i b\u00f8rns skoleliv og udvikle konkrete metoder til at forbedre samarbejdet mellem l\u00e6rere, p\u00e6dagoger og for\u00e6ldre.<\/p>\n\n\n\n<p>De centrale elementer i projektet er baseret p\u00e5 P.-O&#8217;s teorier. Wikstr\u00f6m, professor i kriminologi ved Cambridge Universitet, og p\u00e5 en metode og et tv\u00e6rfagligt tr\u00e6ningsprogram kaldet &#8216;Hvem dirigerer orkestret&#8217;, udviklet i Vejle Kommune, Danmark, til h\u00e5ndtering af udfordrende b\u00f8rn og unge.<\/p>\n\n\n\n<p>If\u00f8lge Wikstr\u00f6m bliver b\u00f8rn, der vokser op med gode relationer, god moral og uddannelse, som l\u00e6rer selvkontrol og vokser op i et sundt milj\u00f8, modstandsdygtige over for kriminalitet og misbrug og oplever h\u00f8jere selvv\u00e6rd (Wikstr\u00f6m, 2016). De vigtigste milj\u00f8er for at l\u00e6re selvkontrol og udvikle personlig moral er familien og skolen. Et godt samarbejde mellem familien og skolen og en f\u00f8lelse af f\u00e6lles ansvar er afg\u00f8rende for at engagere for\u00e6ldrene i skoleaktiviteter og dermed i deres b\u00f8rns sociale og kulturelle uddannelse.<\/p>\n","protected":false},"excerpt":{"rendered":"<p>Forskning viser, at elever, hvis for\u00e6ldre deltager aktivt i deres uddannelsesliv, klarer sig bedre med hensyn til uddannelse, job, sundhed, \u00f8konomi og f\u00f8rer et liv v\u00e6k fra kriminalitet.\u00a0 L\u00e6rere og p\u00e6dagoger er n\u00f8glen, n\u00e5r det kommer til at engagere for\u00e6ldre<\/p>\n","protected":false},"author":1,"featured_media":0,"parent":0,"menu_order":0,"comment_status":"closed","ping_status":"closed","template":"","meta":[],"_links":{"self":[{"href":"https:\/\/whoconductstheorchestra.eu\/index.php\/wp-json\/wp\/v2\/pages\/350"}],"collection":[{"href":"https:\/\/whoconductstheorchestra.eu\/index.php\/wp-json\/wp\/v2\/pages"}],"about":[{"href":"https:\/\/whoconductstheorchestra.eu\/index.php\/wp-json\/wp\/v2\/types\/page"}],"author":[{"embeddable":true,"href":"https:\/\/whoconductstheorchestra.eu\/index.php\/wp-json\/wp\/v2\/users\/1"}],"replies":[{"embeddable":true,"href":"https:\/\/whoconductstheorchestra.eu\/index.php\/wp-json\/wp\/v2\/comments?post=350"}],"version-history":[{"count":2,"href":"https:\/\/whoconductstheorchestra.eu\/index.php\/wp-json\/wp\/v2\/pages\/350\/revisions"}],"predecessor-version":[{"id":504,"href":"https:\/\/whoconductstheorchestra.eu\/index.php\/wp-json\/wp\/v2\/pages\/350\/revisions\/504"}],"wp:attachment":[{"href":"https:\/\/whoconductstheorchestra.eu\/index.php\/wp-json\/wp\/v2\/media?parent=350"}],"curies":[{"name":"wp","href":"https:\/\/api.w.org\/{rel}","templated":true}]}}