{"id":313,"date":"2022-02-25T15:51:11","date_gmt":"2022-02-25T14:51:11","guid":{"rendered":"https:\/\/whoconductstheorchestra.eu\/?page_id=313"},"modified":"2022-04-19T15:12:54","modified_gmt":"2022-04-19T13:12:54","slug":"los-socios-del-proyecto","status":"publish","type":"page","link":"https:\/\/whoconductstheorchestra.eu\/index.php\/los-socios-del-proyecto\/","title":{"rendered":"Los Socios del Proyecto"},"content":{"rendered":"\n<p>Los socios, que llevan a cabo el proyecto, proceden de Turqu\u00eda, Inglaterra, Espa\u00f1a, Italia y Dinamarca, y representan un conjunto de organismos: un municipio, una universidad, consejos de familia y una organizaci\u00f3n local, que trabajan activamente con los ni\u00f1os y la educaci\u00f3n de muchas maneras.<\/p>\n\n\n\n<p><\/p>\n\n\n\n<figure class=\"wp-block-image size-full\"><img loading=\"lazy\" width=\"920\" height=\"791\" src=\"https:\/\/whoconductstheorchestra.eu\/wp-content\/uploads\/2022\/02\/partmap.png\" alt=\"\" class=\"wp-image-314\" srcset=\"https:\/\/whoconductstheorchestra.eu\/wp-content\/uploads\/2022\/02\/partmap.png 920w, https:\/\/whoconductstheorchestra.eu\/wp-content\/uploads\/2022\/02\/partmap-300x258.png 300w, https:\/\/whoconductstheorchestra.eu\/wp-content\/uploads\/2022\/02\/partmap-768x660.png 768w\" sizes=\"(max-width: 920px) 100vw, 920px\" \/><\/figure>\n\n\n\n<p><\/p>\n\n\n\n<p><a href=\"https:\/\/www.vifin.dk\/index.php\/da\/\">VIFIN \u2013 Vejle, Dinamarca<\/a><\/p>\n\n\n\n<p><a href=\"http:\/\/www.iaf-alicante.es\/\">INSTITUTO ALICANTINO DE LA FAMILIA \u2013 Alicante, <\/a><a href=\"http:\/\/www.iaf-alicante.es\/\">Espa\u00f1a<\/a><\/p>\n\n\n\n<p><a href=\"https:\/\/www.cu.edu.tr\/\">\u00c7ukurova<\/a><a href=\"https:\/\/www.cu.edu.tr\/\"> University &#8211; Adana, <\/a><a href=\"https:\/\/www.cu.edu.tr\/\">Turqu\u00eda<\/a><\/p>\n\n\n\n<p><a href=\"https:\/\/www.cscinovara.it\/it-IT\/valorizzazione-sviluppo-territoriale\/\">Consorzio<\/a><a href=\"https:\/\/www.cscinovara.it\/it-IT\/valorizzazione-sviluppo-territoriale\/\"> <\/a><a href=\"https:\/\/www.cscinovara.it\/it-IT\/valorizzazione-sviluppo-territoriale\/\">Scuola<\/a><a href=\"https:\/\/www.cscinovara.it\/it-IT\/valorizzazione-sviluppo-territoriale\/\"> <\/a><a href=\"https:\/\/www.cscinovara.it\/it-IT\/valorizzazione-sviluppo-territoriale\/\">Comunita<\/a><a href=\"https:\/\/www.cscinovara.it\/it-IT\/valorizzazione-sviluppo-territoriale\/\">&#8216; Impresa (CSCI) \u2013 Novara, Italia<\/a><\/p>\n\n\n\n<p><a href=\"https:\/\/www.lbhf.gov.uk\/children-and-young-people\/education-support-services\/climate-education\">London Borough of Hammersmith &amp; Fulham (LBHF) <\/a><a href=\"https:\/\/www.lbhf.gov.uk\/children-and-young-people\/education-support-services\/climate-education\">Reino<\/a><a href=\"https:\/\/www.lbhf.gov.uk\/children-and-young-people\/education-support-services\/climate-education\"> <\/a><a href=\"https:\/\/www.lbhf.gov.uk\/children-and-young-people\/education-support-services\/climate-education\">Unido<\/a><\/p>\n","protected":false},"excerpt":{"rendered":"<p>Los socios, que llevan a cabo el proyecto, proceden de Turqu\u00eda, Inglaterra, Espa\u00f1a, Italia y Dinamarca, y representan un conjunto de organismos: un municipio, una universidad, consejos de familia y una organizaci\u00f3n local, que trabajan activamente con los ni\u00f1os y<\/p>\n","protected":false},"author":1,"featured_media":0,"parent":0,"menu_order":0,"comment_status":"closed","ping_status":"closed","template":"","meta":[],"_links":{"self":[{"href":"https:\/\/whoconductstheorchestra.eu\/index.php\/wp-json\/wp\/v2\/pages\/313"}],"collection":[{"href":"https:\/\/whoconductstheorchestra.eu\/index.php\/wp-json\/wp\/v2\/pages"}],"about":[{"href":"https:\/\/whoconductstheorchestra.eu\/index.php\/wp-json\/wp\/v2\/types\/page"}],"author":[{"embeddable":true,"href":"https:\/\/whoconductstheorchestra.eu\/index.php\/wp-json\/wp\/v2\/users\/1"}],"replies":[{"embeddable":true,"href":"https:\/\/whoconductstheorchestra.eu\/index.php\/wp-json\/wp\/v2\/comments?post=313"}],"version-history":[{"count":2,"href":"https:\/\/whoconductstheorchestra.eu\/index.php\/wp-json\/wp\/v2\/pages\/313\/revisions"}],"predecessor-version":[{"id":525,"href":"https:\/\/whoconductstheorchestra.eu\/index.php\/wp-json\/wp\/v2\/pages\/313\/revisions\/525"}],"wp:attachment":[{"href":"https:\/\/whoconductstheorchestra.eu\/index.php\/wp-json\/wp\/v2\/media?parent=313"}],"curies":[{"name":"wp","href":"https:\/\/api.w.org\/{rel}","templated":true}]}}

<p>Los socios, que llevan a cabo el proyecto, proceden de Turquía, Inglaterra, España, Italia y Dinamarca, y representan un conjunto de organismos: un municipio, una universidad, consejos de familia y una organización local, que trabajan activamente con los niños y la educación de muchas maneras.</p>



<p></p>



<figure class="wp-block-image size-full"><img loading="lazy" width="920" height="791" src="https://whoconductstheorchestra.eu/wp-content/uploads/2022/02/partmap.png" alt="" class="wp-image-314" srcset="https://whoconductstheorchestra.eu/wp-content/uploads/2022/02/partmap.png 920w, https://whoconductstheorchestra.eu/wp-content/uploads/2022/02/partmap-300x258.png 300w, https://whoconductstheorchestra.eu/wp-content/uploads/2022/02/partmap-768x660.png 768w" sizes="(max-width: 920px) 100vw, 920px" /></figure>



<p></p>



<p><a href="https://www.vifin.dk/index.php/da/">VIFIN – Vejle, Dinamarca</a></p>



<p><a href="http://www.iaf-alicante.es/">INSTITUTO ALICANTINO DE LA FAMILIA – Alicante, </a><a href="http://www.iaf-alicante.es/">España</a></p>



<p><a href="https://www.cu.edu.tr/">Çukurova</a><a href="https://www.cu.edu.tr/"> University &#8211; Adana, </a><a href="https://www.cu.edu.tr/">Turquía</a></p>



<p><a href="https://www.cscinovara.it/it-IT/valorizzazione-sviluppo-territoriale/">Consorzio</a><a href="https://www.cscinovara.it/it-IT/valorizzazione-sviluppo-territoriale/"> </a><a href="https://www.cscinovara.it/it-IT/valorizzazione-sviluppo-territoriale/">Scuola</a><a href="https://www.cscinovara.it/it-IT/valorizzazione-sviluppo-territoriale/"> </a><a href="https://www.cscinovara.it/it-IT/valorizzazione-sviluppo-territoriale/">Comunita</a><a href="https://www.cscinovara.it/it-IT/valorizzazione-sviluppo-territoriale/">&#8216; Impresa (CSCI) – Novara, Italia</a></p>



<p><a href="https://www.lbhf.gov.uk/children-and-young-people/education-support-services/climate-education">London Borough of Hammersmith &amp; Fulham (LBHF) </a><a href="https://www.lbhf.gov.uk/children-and-young-people/education-support-services/climate-education">Reino</a><a href="https://www.lbhf.gov.uk/children-and-young-people/education-support-services/climate-education"> </a><a href="https://www.lbhf.gov.uk/children-and-young-people/education-support-services/climate-education">Unido</a></p>

<p>Los socios, que llevan a cabo el proyecto, proceden de Turquía, Inglaterra, España, Italia y Dinamarca, y representan un conjunto de organismos: un municipio, una universidad, consejos de familia y una organización local, que trabajan activamente con los niños y</p>
