{"id":234,"date":"2022-02-24T16:04:00","date_gmt":"2022-02-24T15:04:00","guid":{"rendered":"http:\/\/whoconductstheorchestra.eu\/?page_id=234"},"modified":"2022-02-28T05:26:37","modified_gmt":"2022-02-28T04:26:37","slug":"velkommen-til-who-conducts-the-orchestra","status":"publish","type":"page","link":"https:\/\/whoconductstheorchestra.eu\/index.php\/velkommen-til-who-conducts-the-orchestra\/","title":{"rendered":"Velkommen til Who Conducts the orchestra"},"content":{"rendered":"\n<figure class=\"wp-block-image size-full\"><img loading=\"lazy\" width=\"518\" height=\"388\" src=\"https:\/\/whoconductstheorchestra.eu\/wp-content\/uploads\/2022\/02\/denmark2.jpg\" alt=\"\" class=\"wp-image-336\" srcset=\"https:\/\/whoconductstheorchestra.eu\/wp-content\/uploads\/2022\/02\/denmark2.jpg 518w, https:\/\/whoconductstheorchestra.eu\/wp-content\/uploads\/2022\/02\/denmark2-300x225.jpg 300w\" sizes=\"(max-width: 518px) 100vw, 518px\" \/><\/figure>\n\n\n\n<p>Velkommen til Who Conducts hte Orchestra: Et Erasmus + projekt med fokus p\u00e5 at opbygge gode relationer mellem skoler, elever og deres familier.<\/p>\n\n\n\n<p>Hvem dirigerer orkestret\u00a0programmet tilbyder deltagerne en helt ny form for professionalisering og tv\u00e6rfagligt samarbejde, samtidig med at der udvikles et kollektivt kendskab til de udl\u00f8sende faktorer og mekanismer, der p\u00e5virker b\u00e5de det enkelte barn og familien.<br>I sidste ende h\u00e5ber vi, at dette vil hj\u00e6lpe os med at tyde, hvorfor b\u00f8rn og unge i &#8220;udsatte&#8221; grupper ofte v\u00e6lger et eksklusivt adf\u00e6rdsm\u00f8nster og afbryder forbindelsen til sunde milj\u00f8er.<br>Hverken folkeskolen, institutioner, sundhedsplejersken eller familieindsatsen kan l\u00f8se udfordringerne i forbindelse med forebyggende arbejde helt alene, selv om de er veletablerede og meget faglige erhvervskategorier, der yder fremragende st\u00f8tte.<br>Vores intention er at skabe en ny ramme, der g\u00f8r det muligt for deltagerne at forst\u00e5 udfordringerne ved forebyggende arbejde ud fra et nyt perspektiv.<\/p>\n\n\n\n<figure class=\"wp-block-embed is-type-video is-provider-youtube wp-block-embed-youtube wp-embed-aspect-16-9 wp-has-aspect-ratio\"><div class=\"wp-block-embed__wrapper\">\n<iframe loading=\"lazy\" title=\"WCO  introduction to the project\" width=\"750\" height=\"422\" src=\"https:\/\/www.youtube.com\/embed\/cpYI0e01jTg?feature=oembed\" frameborder=\"0\" allow=\"accelerometer; autoplay; clipboard-write; encrypted-media; gyroscope; picture-in-picture\" allowfullscreen><\/iframe>\n<\/div><\/figure>\n","protected":false},"excerpt":{"rendered":"<p>Velkommen til Who Conducts hte Orchestra: Et Erasmus + projekt med fokus p\u00e5 at opbygge gode relationer mellem skoler, elever og deres familier. Hvem dirigerer orkestret\u00a0programmet tilbyder deltagerne en helt ny form for professionalisering og tv\u00e6rfagligt samarbejde, samtidig med at<\/p>\n","protected":false},"author":1,"featured_media":0,"parent":0,"menu_order":0,"comment_status":"closed","ping_status":"closed","template":"","meta":[],"_links":{"self":[{"href":"https:\/\/whoconductstheorchestra.eu\/index.php\/wp-json\/wp\/v2\/pages\/234"}],"collection":[{"href":"https:\/\/whoconductstheorchestra.eu\/index.php\/wp-json\/wp\/v2\/pages"}],"about":[{"href":"https:\/\/whoconductstheorchestra.eu\/index.php\/wp-json\/wp\/v2\/types\/page"}],"author":[{"embeddable":true,"href":"https:\/\/whoconductstheorchestra.eu\/index.php\/wp-json\/wp\/v2\/users\/1"}],"replies":[{"embeddable":true,"href":"https:\/\/whoconductstheorchestra.eu\/index.php\/wp-json\/wp\/v2\/comments?post=234"}],"version-history":[{"count":4,"href":"https:\/\/whoconductstheorchestra.eu\/index.php\/wp-json\/wp\/v2\/pages\/234\/revisions"}],"predecessor-version":[{"id":416,"href":"https:\/\/whoconductstheorchestra.eu\/index.php\/wp-json\/wp\/v2\/pages\/234\/revisions\/416"}],"wp:attachment":[{"href":"https:\/\/whoconductstheorchestra.eu\/index.php\/wp-json\/wp\/v2\/media?parent=234"}],"curies":[{"name":"wp","href":"https:\/\/api.w.org\/{rel}","templated":true}]}}

<figure class="wp-block-image size-full"><img loading="lazy" width="518" height="388" src="https://whoconductstheorchestra.eu/wp-content/uploads/2022/02/denmark2.jpg" alt="" class="wp-image-336" srcset="https://whoconductstheorchestra.eu/wp-content/uploads/2022/02/denmark2.jpg 518w, https://whoconductstheorchestra.eu/wp-content/uploads/2022/02/denmark2-300x225.jpg 300w" sizes="(max-width: 518px) 100vw, 518px" /></figure>



<p>Velkommen til Who Conducts hte Orchestra: Et Erasmus + projekt med fokus på at opbygge gode relationer mellem skoler, elever og deres familier.</p>



<p>Hvem dirigerer orkestret programmet tilbyder deltagerne en helt ny form for professionalisering og tværfagligt samarbejde, samtidig med at der udvikles et kollektivt kendskab til de udløsende faktorer og mekanismer, der påvirker både det enkelte barn og familien.<br>I sidste ende håber vi, at dette vil hjælpe os med at tyde, hvorfor børn og unge i &#8220;udsatte&#8221; grupper ofte vælger et eksklusivt adfærdsmønster og afbryder forbindelsen til sunde miljøer.<br>Hverken folkeskolen, institutioner, sundhedsplejersken eller familieindsatsen kan løse udfordringerne i forbindelse med forebyggende arbejde helt alene, selv om de er veletablerede og meget faglige erhvervskategorier, der yder fremragende støtte.<br>Vores intention er at skabe en ny ramme, der gør det muligt for deltagerne at forstå udfordringerne ved forebyggende arbejde ud fra et nyt perspektiv.</p>



<figure class="wp-block-embed is-type-video is-provider-youtube wp-block-embed-youtube wp-embed-aspect-16-9 wp-has-aspect-ratio"><div class="wp-block-embed__wrapper">
<iframe loading="lazy" title="WCO  introduction to the project" width="750" height="422" src="https://www.youtube.com/embed/cpYI0e01jTg?feature=oembed" frameborder="0" allow="accelerometer; autoplay; clipboard-write; encrypted-media; gyroscope; picture-in-picture" allowfullscreen></iframe>
</div></figure>

<p>Velkommen til Who Conducts hte Orchestra: Et Erasmus + projekt med fokus på at opbygge gode relationer mellem skoler, elever og deres familier. Hvem dirigerer orkestret programmet tilbyder deltagerne en helt ny form for professionalisering og tværfagligt samarbejde, samtidig med at</p>
